{"id":978,"date":"2013-07-14T18:02:27","date_gmt":"2013-07-14T15:02:27","guid":{"rendered":"https:\/\/staging.teutsch.ro\/?page_id=978"},"modified":"2024-08-13T14:10:15","modified_gmt":"2024-08-13T11:10:15","slug":"expozitia-permanenta","status":"publish","type":"page","link":"https:\/\/teutsch.ro\/ro\/muzeu-patrimoniu\/expozitia-permanenta\/","title":{"rendered":"Expozi\u0163ia permanent\u0103"},"content":{"rendered":"\n<h3 class=\"wp-block-heading\">Exponate valoroase din \u0219apte secole<\/h3>\n\n\n\n<p>Expozi\u021bia permanent\u0103 a muzeului ofer\u0103 o imagine de ansamblu detaliat\u0103 a istoriei Bisericii Evanghelice de Confesiune Augustan\u0103 din Rom\u00e2nia de ast\u0103zi, precum \u0219i a vie\u021bii biserice\u015fti \u0219i comunitare a sa\u0219ilor transilv\u0103neni. Mobilier de cult, altare, sculpturi, vase de cult, ve\u0219minte liturgice, manuscrise \u0219i tip\u0103rituri din \u0219apte secole, machete de arhitectur\u0103 \u0219i porturi biserice\u0219ti &#8211; prin toate acestea, vizita muzeului devine o experien\u021b\u0103 impresionant\u0103.<\/p>\n\n\n\n<div style=\"height:25px\" aria-hidden=\"true\" class=\"wp-block-spacer\"><\/div>\n\n\n\n<figure class=\"wp-block-image size-full\"><img loading=\"lazy\" decoding=\"async\" width=\"1100\" height=\"619\" src=\"https:\/\/teutsch.ro\/wp-content\/uploads\/2024\/08\/Group-4-DSCF0581_DSCF0582-2-images-Kopie.jpg\" alt=\"\" class=\"wp-image-3100\" srcset=\"https:\/\/teutsch.ro\/wp-content\/uploads\/2024\/08\/Group-4-DSCF0581_DSCF0582-2-images-Kopie.jpg 1100w, https:\/\/teutsch.ro\/wp-content\/uploads\/2024\/08\/Group-4-DSCF0581_DSCF0582-2-images-Kopie-200x113.jpg 200w, https:\/\/teutsch.ro\/wp-content\/uploads\/2024\/08\/Group-4-DSCF0581_DSCF0582-2-images-Kopie-665x374.jpg 665w, https:\/\/teutsch.ro\/wp-content\/uploads\/2024\/08\/Group-4-DSCF0581_DSCF0582-2-images-Kopie-100x56.jpg 100w, https:\/\/teutsch.ro\/wp-content\/uploads\/2024\/08\/Group-4-DSCF0581_DSCF0582-2-images-Kopie-768x432.jpg 768w, https:\/\/teutsch.ro\/wp-content\/uploads\/2024\/08\/Group-4-DSCF0581_DSCF0582-2-images-Kopie-528x297.jpg 528w\" sizes=\"auto, (max-width: 1100px) 100vw, 1100px\" \/><\/figure>\n\n\n\n<div style=\"height:10px\" aria-hidden=\"true\" class=\"wp-block-spacer\"><\/div>\n\n\n\n<h3 class=\"wp-block-heading\">Parcurg\u00e2nd istoria Bisericii Evanghelice C.A.<\/h3>\n\n\n\n<p>Aripa muzeului cuprinde 8 s\u0103li, organizate tematic \u0219i cronologic, \u00eencep\u00e2nd cu stabilirea \u00een Transilvania, \u00een secolul al XII-lea, a coloni\u0219tilor originari din regiunea Moselle-Franconia.&nbsp;<\/p>\n\n\n\n<div class=\"wp-block-columns is-layout-flex wp-container-core-columns-is-layout-9d6595d7 wp-block-columns-is-layout-flex\">\n<div class=\"wp-block-column is-layout-flow wp-block-column-is-layout-flow\">\n<h3 class=\"wp-block-heading\">Expozi\u0163ia permanent\u0103<\/h3>\n\n\n\n<div style=\"height:10px\" aria-hidden=\"true\" class=\"wp-block-spacer\"><\/div>\n\n\n\n<p>1<strong>. Istoria coloniz\u0103rii \u015fi Prepozitura Sibiului;&nbsp;<\/strong><\/p>\n\n\n\n<p><strong>2. Cet\u0103\u0163i biserice\u015fti \u0219i biserici fortificate;<\/strong><\/p>\n\n\n\n<p><strong>3. Reforma;<\/strong><\/p>\n\n\n\n<p><strong>4. Via\u021ba bisericeasc\u0103, via\u021ba comunitar\u0103;<\/strong><\/p>\n\n\n\n<p><strong>5. \u0218coala confesional\u0103, preo\u0163i \u015fi dasc\u0103li;<\/strong><\/p>\n\n\n\n<p><strong>6. Mobilier bisericesc;<\/strong><\/p>\n\n\n\n<p><strong>7. Art\u0103 sacr\u0103, tezaur<\/strong><\/p>\n\n\n\n<p><strong>8. Contrareforma, istorie modern\u0103 \u0219i recent\u0103.<\/strong><\/p>\n<\/div>\n\n\n\n<div class=\"wp-block-column is-layout-flow wp-block-column-is-layout-flow\">\n<figure class=\"wp-block-image size-large\"><img loading=\"lazy\" decoding=\"async\" width=\"665\" height=\"665\" src=\"https:\/\/teutsch.ro\/wp-content\/uploads\/2024\/08\/Radler-Altar-665x665.jpg\" alt=\"\" class=\"wp-image-3081\" srcset=\"https:\/\/teutsch.ro\/wp-content\/uploads\/2024\/08\/Radler-Altar-665x665.jpg 665w, https:\/\/teutsch.ro\/wp-content\/uploads\/2024\/08\/Radler-Altar-200x200.jpg 200w, https:\/\/teutsch.ro\/wp-content\/uploads\/2024\/08\/Radler-Altar-100x100.jpg 100w, https:\/\/teutsch.ro\/wp-content\/uploads\/2024\/08\/Radler-Altar-768x768.jpg 768w, https:\/\/teutsch.ro\/wp-content\/uploads\/2024\/08\/Radler-Altar-510x510.jpg 510w, https:\/\/teutsch.ro\/wp-content\/uploads\/2024\/08\/Radler-Altar.jpg 800w\" sizes=\"auto, (max-width: 665px) 100vw, 665px\" \/><figcaption class=\"wp-element-caption\">Retablul poliptic din Roade\u0219, aprox. 1533<\/figcaption><\/figure>\n<\/div>\n<\/div>\n\n\n\n<h3 class=\"wp-block-heading\">Tezaur de orfevr\u0103rie transilv\u0103nean\u0103<\/h3>\n\n\n\n<p>Cea mai mare atrac\u021bie a muzeului este cu siguran\u021b\u0103 tezaurul \u2013 o colec\u021bie de vase de cult din mai multe localit\u0103\u0163i ale Transilvaniei, care \u00eenclude capodopere ale orfevr\u0103riei transilv\u0103nene.&nbsp;<\/p>\n\n\n\n<p>Porturile biserice\u0219ti, originale \u0219i modele didactice, ilustreaz\u0103 diversitatea tradi\u021biilor \u0219i a vie\u021bii biserice\u0219ti din cadrul comunit\u0103\u021bii s\u0103se\u0219ti.&nbsp;<\/p>\n\n\n\n<p>Expozi\u021bia permanent\u0103 prezint\u0103 \u0219i \u00eenv\u0103\u021b\u0103m\u00e2ntul confesional, \u00een limba german\u0103, aflat \u00een grija bisericii timp de secole.&nbsp;<\/p>\n\n\n\n<div style=\"height:35px\" aria-hidden=\"true\" class=\"wp-block-spacer\"><\/div>\n\n\n\n<figure class=\"wp-block-image size-full\"><img loading=\"lazy\" decoding=\"async\" width=\"1100\" height=\"619\" src=\"https:\/\/teutsch.ro\/wp-content\/uploads\/2024\/08\/DSCF2200-Kopie.jpg\" alt=\"\" class=\"wp-image-3094\" srcset=\"https:\/\/teutsch.ro\/wp-content\/uploads\/2024\/08\/DSCF2200-Kopie.jpg 1100w, https:\/\/teutsch.ro\/wp-content\/uploads\/2024\/08\/DSCF2200-Kopie-200x113.jpg 200w, https:\/\/teutsch.ro\/wp-content\/uploads\/2024\/08\/DSCF2200-Kopie-665x374.jpg 665w, https:\/\/teutsch.ro\/wp-content\/uploads\/2024\/08\/DSCF2200-Kopie-100x56.jpg 100w, https:\/\/teutsch.ro\/wp-content\/uploads\/2024\/08\/DSCF2200-Kopie-768x432.jpg 768w, https:\/\/teutsch.ro\/wp-content\/uploads\/2024\/08\/DSCF2200-Kopie-528x297.jpg 528w\" sizes=\"auto, (max-width: 1100px) 100vw, 1100px\" \/><\/figure>\n","protected":false},"excerpt":{"rendered":"<p>Exponate valoroase din \u0219apte secole Expozi\u021bia permanent\u0103 a muzeului ofer\u0103 o imagine de ansamblu detaliat\u0103 a istoriei Bisericii Evanghelice de Confesiune Augustan\u0103 din Rom\u00e2nia de ast\u0103zi, precum \u0219i a vie\u021bii biserice\u015fti \u0219i comunitare a sa\u0219ilor transilv\u0103neni. Mobilier de cult, altare, sculpturi, vase de cult, ve\u0219minte liturgice, manuscrise \u0219i tip\u0103rituri din \u0219apte secole, machete de arhitectur\u0103 [&hellip;]<\/p>\n","protected":false},"author":1,"featured_media":2396,"parent":972,"menu_order":0,"comment_status":"closed","ping_status":"closed","template":"","meta":{"footnotes":""},"class_list":["post-978","page","type-page","status-publish","has-post-thumbnail","czr-hentry"],"_links":{"self":[{"href":"https:\/\/teutsch.ro\/ro\/wp-json\/wp\/v2\/pages\/978","targetHints":{"allow":["GET"]}}],"collection":[{"href":"https:\/\/teutsch.ro\/ro\/wp-json\/wp\/v2\/pages"}],"about":[{"href":"https:\/\/teutsch.ro\/ro\/wp-json\/wp\/v2\/types\/page"}],"author":[{"embeddable":true,"href":"https:\/\/teutsch.ro\/ro\/wp-json\/wp\/v2\/users\/1"}],"replies":[{"embeddable":true,"href":"https:\/\/teutsch.ro\/ro\/wp-json\/wp\/v2\/comments?post=978"}],"version-history":[{"count":22,"href":"https:\/\/teutsch.ro\/ro\/wp-json\/wp\/v2\/pages\/978\/revisions"}],"predecessor-version":[{"id":3213,"href":"https:\/\/teutsch.ro\/ro\/wp-json\/wp\/v2\/pages\/978\/revisions\/3213"}],"up":[{"embeddable":true,"href":"https:\/\/teutsch.ro\/ro\/wp-json\/wp\/v2\/pages\/972"}],"wp:featuredmedia":[{"embeddable":true,"href":"https:\/\/teutsch.ro\/ro\/wp-json\/wp\/v2\/media\/2396"}],"wp:attachment":[{"href":"https:\/\/teutsch.ro\/ro\/wp-json\/wp\/v2\/media?parent=978"}],"curies":[{"name":"wp","href":"https:\/\/api.w.org\/{rel}","templated":true}]}}

Expoziţia permanentă

<h3 class="wp-block-heading">Exponate valoroase din șapte secole</h3>



<p>Expoziția permanentă a muzeului oferă o imagine de ansamblu detaliată a istoriei Bisericii Evanghelice de Confesiune Augustană din România de astăzi, precum și a vieții bisericeşti și comunitare a sașilor transilvăneni. Mobilier de cult, altare, sculpturi, vase de cult, veșminte liturgice, manuscrise și tipărituri din șapte secole, machete de arhitectură și porturi bisericești &#8211; prin toate acestea, vizita muzeului devine o experiență impresionantă.</p>



<div style="height:25px" aria-hidden="true" class="wp-block-spacer"></div>



<figure class="wp-block-image size-full"><img loading="lazy" decoding="async" width="1100" height="619" src="https://teutsch.ro/wp-content/uploads/2024/08/Group-4-DSCF0581_DSCF0582-2-images-Kopie.jpg" alt="" class="wp-image-3100" srcset="https://teutsch.ro/wp-content/uploads/2024/08/Group-4-DSCF0581_DSCF0582-2-images-Kopie.jpg 1100w, https://teutsch.ro/wp-content/uploads/2024/08/Group-4-DSCF0581_DSCF0582-2-images-Kopie-200x113.jpg 200w, https://teutsch.ro/wp-content/uploads/2024/08/Group-4-DSCF0581_DSCF0582-2-images-Kopie-665x374.jpg 665w, https://teutsch.ro/wp-content/uploads/2024/08/Group-4-DSCF0581_DSCF0582-2-images-Kopie-100x56.jpg 100w, https://teutsch.ro/wp-content/uploads/2024/08/Group-4-DSCF0581_DSCF0582-2-images-Kopie-768x432.jpg 768w, https://teutsch.ro/wp-content/uploads/2024/08/Group-4-DSCF0581_DSCF0582-2-images-Kopie-528x297.jpg 528w" sizes="auto, (max-width: 1100px) 100vw, 1100px" /></figure>



<div style="height:10px" aria-hidden="true" class="wp-block-spacer"></div>



<h3 class="wp-block-heading">Parcurgând istoria Bisericii Evanghelice C.A.</h3>



<p>Aripa muzeului cuprinde 8 săli, organizate tematic și cronologic, începând cu stabilirea în Transilvania, în secolul al XII-lea, a coloniștilor originari din regiunea Moselle-Franconia.&nbsp;</p>



<div class="wp-block-columns is-layout-flex wp-container-core-columns-is-layout-9d6595d7 wp-block-columns-is-layout-flex">
<div class="wp-block-column is-layout-flow wp-block-column-is-layout-flow">
<h3 class="wp-block-heading">Expoziţia permanentă</h3>



<div style="height:10px" aria-hidden="true" class="wp-block-spacer"></div>



<p>1<strong>. Istoria colonizării şi Prepozitura Sibiului;&nbsp;</strong></p>



<p><strong>2. Cetăţi bisericeşti și biserici fortificate;</strong></p>



<p><strong>3. Reforma;</strong></p>



<p><strong>4. Viața bisericească, viața comunitară;</strong></p>



<p><strong>5. Școala confesională, preoţi şi dascăli;</strong></p>



<p><strong>6. Mobilier bisericesc;</strong></p>



<p><strong>7. Artă sacră, tezaur</strong></p>



<p><strong>8. Contrareforma, istorie modernă și recentă.</strong></p>
</div>



<div class="wp-block-column is-layout-flow wp-block-column-is-layout-flow">
<figure class="wp-block-image size-large"><img loading="lazy" decoding="async" width="665" height="665" src="https://teutsch.ro/wp-content/uploads/2024/08/Radler-Altar-665x665.jpg" alt="" class="wp-image-3081" srcset="https://teutsch.ro/wp-content/uploads/2024/08/Radler-Altar-665x665.jpg 665w, https://teutsch.ro/wp-content/uploads/2024/08/Radler-Altar-200x200.jpg 200w, https://teutsch.ro/wp-content/uploads/2024/08/Radler-Altar-100x100.jpg 100w, https://teutsch.ro/wp-content/uploads/2024/08/Radler-Altar-768x768.jpg 768w, https://teutsch.ro/wp-content/uploads/2024/08/Radler-Altar-510x510.jpg 510w, https://teutsch.ro/wp-content/uploads/2024/08/Radler-Altar.jpg 800w" sizes="auto, (max-width: 665px) 100vw, 665px" /><figcaption class="wp-element-caption">Retablul poliptic din Roadeș, aprox. 1533</figcaption></figure>
</div>
</div>



<h3 class="wp-block-heading">Tezaur de orfevrărie transilvăneană</h3>



<p>Cea mai mare atracție a muzeului este cu siguranță tezaurul – o colecție de vase de cult din mai multe localităţi ale Transilvaniei, care înclude capodopere ale orfevrăriei transilvănene.&nbsp;</p>



<p>Porturile bisericești, originale și modele didactice, ilustrează diversitatea tradițiilor și a vieții bisericești din cadrul comunității săsești.&nbsp;</p>



<p>Expoziția permanentă prezintă și învățământul confesional, în limba germană, aflat în grija bisericii timp de secole.&nbsp;</p>



<div style="height:35px" aria-hidden="true" class="wp-block-spacer"></div>



<figure class="wp-block-image size-full"><img loading="lazy" decoding="async" width="1100" height="619" src="https://teutsch.ro/wp-content/uploads/2024/08/DSCF2200-Kopie.jpg" alt="" class="wp-image-3094" srcset="https://teutsch.ro/wp-content/uploads/2024/08/DSCF2200-Kopie.jpg 1100w, https://teutsch.ro/wp-content/uploads/2024/08/DSCF2200-Kopie-200x113.jpg 200w, https://teutsch.ro/wp-content/uploads/2024/08/DSCF2200-Kopie-665x374.jpg 665w, https://teutsch.ro/wp-content/uploads/2024/08/DSCF2200-Kopie-100x56.jpg 100w, https://teutsch.ro/wp-content/uploads/2024/08/DSCF2200-Kopie-768x432.jpg 768w, https://teutsch.ro/wp-content/uploads/2024/08/DSCF2200-Kopie-528x297.jpg 528w" sizes="auto, (max-width: 1100px) 100vw, 1100px" /></figure>

<p>Exponate valoroase din șapte secole Expoziția permanentă a muzeului oferă o imagine de ansamblu detaliată a istoriei Bisericii Evanghelice de Confesiune Augustană din România de astăzi, precum și a vieții bisericeşti și comunitare a sașilor transilvăneni. Mobilier de cult, altare, sculpturi, vase de cult, veșminte liturgice, manuscrise și tipărituri din șapte secole, machete de arhitectură [&hellip;]</p>
