{"id":3166,"date":"2024-08-13T13:21:37","date_gmt":"2024-08-13T10:21:37","guid":{"rendered":"https:\/\/staging.teutsch.ro\/?page_id=3166"},"modified":"2024-08-13T13:36:49","modified_gmt":"2024-08-13T10:36:49","slug":"tur-ghidat","status":"publish","type":"page","link":"https:\/\/teutsch.ro\/ro\/muzeu-patrimoniu\/tur-ghidat\/","title":{"rendered":"Tur ghidat"},"content":{"rendered":"\n<h3 class=\"wp-block-heading\">Tur ghidat pentru studen\u021bi \/ adul\u021bi:<\/h3>\n\n\n\n<p>La vizitarea \u00eentregii expozi\u021bii oferim o introducere general\u0103 \u00een istoria \u0219i cultura sa\u015filor transilv\u0103neni \u0219i a bisericii lor.<\/p>\n\n\n\n<div style=\"height:25px\" aria-hidden=\"true\" class=\"wp-block-spacer\"><\/div>\n\n\n\n<figure class=\"wp-block-image size-full\"><img loading=\"lazy\" decoding=\"async\" width=\"1100\" height=\"619\" src=\"https:\/\/teutsch.ro\/wp-content\/uploads\/2024\/08\/TH-M1.jpg\" alt=\"\" class=\"wp-image-3150\" srcset=\"https:\/\/teutsch.ro\/wp-content\/uploads\/2024\/08\/TH-M1.jpg 1100w, https:\/\/teutsch.ro\/wp-content\/uploads\/2024\/08\/TH-M1-200x113.jpg 200w, https:\/\/teutsch.ro\/wp-content\/uploads\/2024\/08\/TH-M1-665x374.jpg 665w, https:\/\/teutsch.ro\/wp-content\/uploads\/2024\/08\/TH-M1-100x56.jpg 100w, https:\/\/teutsch.ro\/wp-content\/uploads\/2024\/08\/TH-M1-768x432.jpg 768w, https:\/\/teutsch.ro\/wp-content\/uploads\/2024\/08\/TH-M1-528x297.jpg 528w\" sizes=\"auto, (max-width: 1100px) 100vw, 1100px\" \/><\/figure>\n\n\n\n<div style=\"height:0px\" aria-hidden=\"true\" class=\"wp-block-spacer\"><\/div>\n\n\n\n<h3 class=\"wp-block-heading\">Posibile accente tematice:<\/h3>\n\n\n\n<ul class=\"wp-block-list\">\n<li>Istoria a\u0219ez\u0103rii sa\u015filor<\/li>\n\n\n\n<li>Arhitectur\u0103 istoric\u0103, cet\u0103\u0163i biserice\u015fti \u0219i biserici fortificate&nbsp;<\/li>\n\n\n\n<li>Istoria Reformei \u0219i epoca Principatului<\/li>\n\n\n\n<li>Istoria modern\u0103 \u0219i recent\u0103<\/li>\n\n\n\n<li>Via\u0163a bisericeasc\u0103 \u015fi comunitar\u0103&nbsp;<\/li>\n\n\n\n<li>\u00cenv\u0103\u0163\u0103m\u00e2ntul la sa\u015fi&nbsp;<\/li>\n\n\n\n<li>Art\u0103 sacr\u0103, aspecte confesionale<\/li>\n<\/ul>\n","protected":false},"excerpt":{"rendered":"<p>Tur ghidat pentru studen\u021bi \/ adul\u021bi: La vizitarea \u00eentregii expozi\u021bii oferim o introducere general\u0103 \u00een istoria \u0219i cultura sa\u015filor transilv\u0103neni \u0219i a bisericii lor. Posibile accente tematice:<\/p>\n","protected":false},"author":1,"featured_media":0,"parent":972,"menu_order":0,"comment_status":"closed","ping_status":"closed","template":"","meta":{"footnotes":""},"class_list":["post-3166","page","type-page","status-publish","czr-hentry"],"_links":{"self":[{"href":"https:\/\/teutsch.ro\/ro\/wp-json\/wp\/v2\/pages\/3166","targetHints":{"allow":["GET"]}}],"collection":[{"href":"https:\/\/teutsch.ro\/ro\/wp-json\/wp\/v2\/pages"}],"about":[{"href":"https:\/\/teutsch.ro\/ro\/wp-json\/wp\/v2\/types\/page"}],"author":[{"embeddable":true,"href":"https:\/\/teutsch.ro\/ro\/wp-json\/wp\/v2\/users\/1"}],"replies":[{"embeddable":true,"href":"https:\/\/teutsch.ro\/ro\/wp-json\/wp\/v2\/comments?post=3166"}],"version-history":[{"count":4,"href":"https:\/\/teutsch.ro\/ro\/wp-json\/wp\/v2\/pages\/3166\/revisions"}],"predecessor-version":[{"id":3175,"href":"https:\/\/teutsch.ro\/ro\/wp-json\/wp\/v2\/pages\/3166\/revisions\/3175"}],"up":[{"embeddable":true,"href":"https:\/\/teutsch.ro\/ro\/wp-json\/wp\/v2\/pages\/972"}],"wp:attachment":[{"href":"https:\/\/teutsch.ro\/ro\/wp-json\/wp\/v2\/media?parent=3166"}],"curies":[{"name":"wp","href":"https:\/\/api.w.org\/{rel}","templated":true}]}}

<h3 class="wp-block-heading">Tur ghidat pentru studenți / adulți:</h3>



<p>La vizitarea întregii expoziții oferim o introducere generală în istoria și cultura saşilor transilvăneni și a bisericii lor.</p>



<div style="height:25px" aria-hidden="true" class="wp-block-spacer"></div>



<figure class="wp-block-image size-full"><img loading="lazy" decoding="async" width="1100" height="619" src="https://teutsch.ro/wp-content/uploads/2024/08/TH-M1.jpg" alt="" class="wp-image-3150" srcset="https://teutsch.ro/wp-content/uploads/2024/08/TH-M1.jpg 1100w, https://teutsch.ro/wp-content/uploads/2024/08/TH-M1-200x113.jpg 200w, https://teutsch.ro/wp-content/uploads/2024/08/TH-M1-665x374.jpg 665w, https://teutsch.ro/wp-content/uploads/2024/08/TH-M1-100x56.jpg 100w, https://teutsch.ro/wp-content/uploads/2024/08/TH-M1-768x432.jpg 768w, https://teutsch.ro/wp-content/uploads/2024/08/TH-M1-528x297.jpg 528w" sizes="auto, (max-width: 1100px) 100vw, 1100px" /></figure>



<div style="height:0px" aria-hidden="true" class="wp-block-spacer"></div>



<h3 class="wp-block-heading">Posibile accente tematice:</h3>



<ul class="wp-block-list">
<li>Istoria așezării saşilor</li>



<li>Arhitectură istorică, cetăţi bisericeşti și biserici fortificate&nbsp;</li>



<li>Istoria Reformei și epoca Principatului</li>



<li>Istoria modernă și recentă</li>



<li>Viaţa bisericească şi comunitară&nbsp;</li>



<li>Învăţământul la saşi&nbsp;</li>



<li>Artă sacră, aspecte confesionale</li>
</ul>

<p>Tur ghidat pentru studenți / adulți: La vizitarea întregii expoziții oferim o introducere generală în istoria și cultura saşilor transilvăneni și a bisericii lor. Posibile accente tematice:</p>
