{"id":1100,"date":"2013-10-04T12:57:34","date_gmt":"2013-10-04T09:57:34","guid":{"rendered":"https:\/\/staging.teutsch.ro\/?page_id=1100"},"modified":"2025-09-18T16:50:45","modified_gmt":"2025-09-18T13:50:45","slug":"istoria","status":"publish","type":"page","link":"https:\/\/teutsch.ro\/ro\/casateutsch\/istoria\/","title":{"rendered":"Istoria"},"content":{"rendered":"<h1 dir=\"ltr\">Din istoria Casei Teutsch<\/h1>\n<p dir=\"ltr\">Casa Teutsch se afl\u0103 \u00een complexul construit \u00een 1883 (orfelinat) \u015fi 1911 (noua biseric\u0103 Sf. Ioan) \u00een imediata apropiere a zidului vechi de ap\u0103rare a ora\u015fului, zid din care s-a p\u0103strat un rest vizibil. P\u00e2n\u0103 dup\u0103 cel de al 2-lea R\u0103zboi Mondial, aici a func\u0163ionat orfelinatul evanghelic \u201eLutherhaus\u201c care fusese construit mai ales din banii preotului Johannes Engelleiter \u015fi ai Asocia\u0163iei evanghelice de femei. \u00cen perioada comunist\u0103, \u00een cl\u0103direa na\u0163ionalizat\u0103 a func\u0163ionat Casa de cultur\u0103 a studen\u0163ilor.<\/p>\n<h3 dir=\"ltr\">Retrocedarea<\/h3>\n<h3 dir=\"ltr\"><a href=\"https:\/\/teutsch.ro\/wp-content\/uploads\/2013\/04\/Johanniskirche_hist1.jpg\"><img loading=\"lazy\" decoding=\"async\" class=\"alignleft\" title=\"Vedere istorica a biserica Sf. Ioan din Sibiu\" src=\"https:\/\/teutsch.ro\/wp-content\/uploads\/2013\/04\/Johanniskirche_hist1-188x300.jpg\" alt=\"Vedere istorica a biserica Sf. Ioan din Sibiu\" width=\"150\" height=\"240\" \/><\/a><\/h3>\n<p>Dup\u0103 schimb\u0103rile politice din Rom\u00e2nia, marcate de revolu\u0163ia din 1989, Biserica Evanghelic\u0103 C.A. din Rom\u00e2nia (B.E.R.) s-a str\u0103duit s\u0103 reintre \u00een posesia fostului s\u0103u orfelinat, ceea ce a reu\u015fit \u00een 1999, dup\u0103 multe procese. B.E.R. a \u00eenfiin\u0163at \u00een acest complex de cl\u0103diri mai multe institu\u0163ii devenite necesare, restabilind totodat\u0103 tradi\u0163ia cre\u015ftin-protestant\u0103 a Casei.<\/p>\n<p>Odat\u0103 cu deschiderea grani\u0163elor dup\u0103 revolu\u0163ia din 1989 a \u00eenceput exodul germanilor din Rom\u00e2nia, inclusiv al majorit\u0103\u0163ii membrilor Bisericii Evanghelice C.A. Prin umare, salvarea, colec\u0163ionarea \u015fi p\u0103strarea \u00een siguran\u0163\u0103 a patrimoniului cultural \u015fi arhivistic din peste 270 de comunit\u0103\u0163i evanghelice din sate \u015fi ora\u015fe a devenit o sarcin\u0103 prioritar\u0103 a Consistoriului Superior al Bisericii.<\/p>\n<h3 dir=\"ltr\">Salvarea, colec\u0163ionarea \u015fi p\u0103strarea \u00een siguran\u0163\u0103<\/h3>\n<h3 dir=\"ltr\"><a href=\"https:\/\/teutsch.ro\/wp-content\/uploads\/2013\/04\/DSCF0331.jpg\"><img loading=\"lazy\" decoding=\"async\" class=\"alignleft\" title=\"In Casa Teutsch exista o arhiva pentru documentele bisericesti\" src=\"https:\/\/teutsch.ro\/wp-content\/uploads\/2013\/04\/DSCF0331-150x150.jpg\" alt=\"In Casa Teutsch exista o arhiva pentru documentele bisericesti\" width=\"150\" height=\"150\" \/><\/a><\/h3>\n<p>S-a n\u0103scut ideea de a \u00eenfiin\u0163a \u00een Sibiu o institu\u0163ie central\u0103 pentru acest scop. Cu perseveren\u0163\u0103 \u015fi prin sprijinul primit, aceast\u0103 institu\u0163ie a devenit realitate. Ast\u0103zi, Casa Teutsch este un centru des vizitat de enoria\u015fi, cercet\u0103tori, elevi \u015fi studen\u0163i, de publicul larg din Sibiu, fie germani sau rom\u00e2ni, de oaspe\u0163i din str\u0103in\u0103tate &#8211; de to\u0163i cei interesa\u0163i de cultura \u015fi istoria Bisericii evanghelice \u015fi a sa\u015filor transilv\u0103neni.<\/p>\n<p>&nbsp;<\/p>\n<h3>Patronul de nume Friedrich Teutsch<\/h3>\n<h3 dir=\"ltr\"><a href=\"https:\/\/teutsch.ro\/wp-content\/uploads\/2013\/04\/DSCF0849.jpg\"><img loading=\"lazy\" decoding=\"async\" class=\"alignleft\" title=\"Episcopul Friedrich Teutsch a dat numele Casei Teutsch\" src=\"https:\/\/teutsch.ro\/wp-content\/uploads\/2013\/04\/DSCF0849-150x150.jpg\" alt=\"Episcopul Friedrich Teutsch a dat numele Casei Teutsch\" width=\"150\" height=\"150\" \/><\/a><\/h3>\n<p>Casa Teutsch poart\u0103 numele recunoscutului istoric \u015fi episcop Friedrich Teutsch (1852-1933). \u00centre anii 1906-1932, Teutsch a fost \u201eEpiscopul sa\u015filor\u201c, din 1927 denumirea oficial\u0103 fiind Episcop al Bisericii Evanghelice C.A. din Rom\u00e2nia. Episcopul Teutsch a f\u0103cut parte din elita intelectual\u0103 a sa\u015filor transilv\u0103neni \u015fi \u015fi-a f\u0103cut un nume \u00eendeosebi ca istoric al bisericii. Pe l\u00e2ng\u0103 istoria bisericii el a publicat \u015fi diverse scrieri despre istoria germanilor din Ardeal. Friedrich Teutsch a finalizat, \u00een 1932, \u201eIstoria sa\u015filor transilv\u0103neni\u201c \u00eenceput\u0103 de tat\u0103l s\u0103u, Georg Daniel Teutsch (1817-1893).<\/p>\n<p>&nbsp;<\/p>\n<p><a href=\"https:\/\/teutsch.ro\/wp-content\/uploads\/2025\/09\/RO-Din-istoria-Casei-Teutsch_De-la-orfelinat-la-centrul-de-cultura.docx.pdf\" target=\"_blank\" rel=\"noopener\">De la orfelinat la \u201eCasa Teutsch\u201d \u2013 O scurt\u0103 privire asupra istoriei casei noastre<\/a><\/p>\n","protected":false},"excerpt":{"rendered":"<p>Din istoria Casei Teutsch Casa Teutsch se afl\u0103 \u00een complexul construit \u00een 1883 (orfelinat) \u015fi 1911 (noua biseric\u0103 Sf. Ioan) \u00een imediata apropiere a zidului vechi de ap\u0103rare a ora\u015fului, zid din care s-a p\u0103strat un rest vizibil. P\u00e2n\u0103 dup\u0103 cel de al 2-lea R\u0103zboi Mondial, aici a func\u0163ionat orfelinatul evanghelic \u201eLutherhaus\u201c care fusese construit [&hellip;]<\/p>\n","protected":false},"author":1,"featured_media":2442,"parent":965,"menu_order":0,"comment_status":"closed","ping_status":"closed","template":"","meta":{"footnotes":""},"class_list":["post-1100","page","type-page","status-publish","has-post-thumbnail","czr-hentry"],"_links":{"self":[{"href":"https:\/\/teutsch.ro\/ro\/wp-json\/wp\/v2\/pages\/1100","targetHints":{"allow":["GET"]}}],"collection":[{"href":"https:\/\/teutsch.ro\/ro\/wp-json\/wp\/v2\/pages"}],"about":[{"href":"https:\/\/teutsch.ro\/ro\/wp-json\/wp\/v2\/types\/page"}],"author":[{"embeddable":true,"href":"https:\/\/teutsch.ro\/ro\/wp-json\/wp\/v2\/users\/1"}],"replies":[{"embeddable":true,"href":"https:\/\/teutsch.ro\/ro\/wp-json\/wp\/v2\/comments?post=1100"}],"version-history":[{"count":10,"href":"https:\/\/teutsch.ro\/ro\/wp-json\/wp\/v2\/pages\/1100\/revisions"}],"predecessor-version":[{"id":3624,"href":"https:\/\/teutsch.ro\/ro\/wp-json\/wp\/v2\/pages\/1100\/revisions\/3624"}],"up":[{"embeddable":true,"href":"https:\/\/teutsch.ro\/ro\/wp-json\/wp\/v2\/pages\/965"}],"wp:featuredmedia":[{"embeddable":true,"href":"https:\/\/teutsch.ro\/ro\/wp-json\/wp\/v2\/media\/2442"}],"wp:attachment":[{"href":"https:\/\/teutsch.ro\/ro\/wp-json\/wp\/v2\/media?parent=1100"}],"curies":[{"name":"wp","href":"https:\/\/api.w.org\/{rel}","templated":true}]}}

<h1 dir="ltr">Din istoria Casei Teutsch</h1>
<p dir="ltr">Casa Teutsch se află în complexul construit în 1883 (orfelinat) şi 1911 (noua biserică Sf. Ioan) în imediata apropiere a zidului vechi de apărare a oraşului, zid din care s-a păstrat un rest vizibil. Până după cel de al 2-lea Război Mondial, aici a funcţionat orfelinatul evanghelic „Lutherhaus“ care fusese construit mai ales din banii preotului Johannes Engelleiter şi ai Asociaţiei evanghelice de femei. În perioada comunistă, în clădirea naţionalizată a funcţionat Casa de cultură a studenţilor.</p>
<h3 dir="ltr">Retrocedarea</h3>
<h3 dir="ltr"><a href="https://teutsch.ro/wp-content/uploads/2013/04/Johanniskirche_hist1.jpg"><img loading="lazy" decoding="async" class="alignleft" title="Vedere istorica a biserica Sf. Ioan din Sibiu" src="https://teutsch.ro/wp-content/uploads/2013/04/Johanniskirche_hist1-188x300.jpg" alt="Vedere istorica a biserica Sf. Ioan din Sibiu" width="150" height="240" /></a></h3>
<p>După schimbările politice din România, marcate de revoluţia din 1989, Biserica Evanghelică C.A. din România (B.E.R.) s-a străduit să reintre în posesia fostului său orfelinat, ceea ce a reuşit în 1999, după multe procese. B.E.R. a înfiinţat în acest complex de clădiri mai multe instituţii devenite necesare, restabilind totodată tradiţia creştin-protestantă a Casei.</p>
<p>Odată cu deschiderea graniţelor după revoluţia din 1989 a început exodul germanilor din România, inclusiv al majorităţii membrilor Bisericii Evanghelice C.A. Prin umare, salvarea, colecţionarea şi păstrarea în siguranţă a patrimoniului cultural şi arhivistic din peste 270 de comunităţi evanghelice din sate şi oraşe a devenit o sarcină prioritară a Consistoriului Superior al Bisericii.</p>
<h3 dir="ltr">Salvarea, colecţionarea şi păstrarea în siguranţă</h3>
<h3 dir="ltr"><a href="https://teutsch.ro/wp-content/uploads/2013/04/DSCF0331.jpg"><img loading="lazy" decoding="async" class="alignleft" title="In Casa Teutsch exista o arhiva pentru documentele bisericesti" src="https://teutsch.ro/wp-content/uploads/2013/04/DSCF0331-150x150.jpg" alt="In Casa Teutsch exista o arhiva pentru documentele bisericesti" width="150" height="150" /></a></h3>
<p>S-a născut ideea de a înfiinţa în Sibiu o instituţie centrală pentru acest scop. Cu perseverenţă şi prin sprijinul primit, această instituţie a devenit realitate. Astăzi, Casa Teutsch este un centru des vizitat de enoriaşi, cercetători, elevi şi studenţi, de publicul larg din Sibiu, fie germani sau români, de oaspeţi din străinătate &#8211; de toţi cei interesaţi de cultura şi istoria Bisericii evanghelice şi a saşilor transilvăneni.</p>
<p>&nbsp;</p>
<h3>Patronul de nume Friedrich Teutsch</h3>
<h3 dir="ltr"><a href="https://teutsch.ro/wp-content/uploads/2013/04/DSCF0849.jpg"><img loading="lazy" decoding="async" class="alignleft" title="Episcopul Friedrich Teutsch a dat numele Casei Teutsch" src="https://teutsch.ro/wp-content/uploads/2013/04/DSCF0849-150x150.jpg" alt="Episcopul Friedrich Teutsch a dat numele Casei Teutsch" width="150" height="150" /></a></h3>
<p>Casa Teutsch poartă numele recunoscutului istoric şi episcop Friedrich Teutsch (1852-1933). Între anii 1906-1932, Teutsch a fost „Episcopul saşilor“, din 1927 denumirea oficială fiind Episcop al Bisericii Evanghelice C.A. din România. Episcopul Teutsch a făcut parte din elita intelectuală a saşilor transilvăneni şi şi-a făcut un nume îndeosebi ca istoric al bisericii. Pe lângă istoria bisericii el a publicat şi diverse scrieri despre istoria germanilor din Ardeal. Friedrich Teutsch a finalizat, în 1932, „Istoria saşilor transilvăneni“ începută de tatăl său, Georg Daniel Teutsch (1817-1893).</p>
<p>&nbsp;</p>
<p><a href="https://teutsch.ro/wp-content/uploads/2025/09/RO-Din-istoria-Casei-Teutsch_De-la-orfelinat-la-centrul-de-cultura.docx.pdf" target="_blank" rel="noopener">De la orfelinat la „Casa Teutsch” – O scurtă privire asupra istoriei casei noastre</a></p>

<p>Din istoria Casei Teutsch Casa Teutsch se află în complexul construit în 1883 (orfelinat) şi 1911 (noua biserică Sf. Ioan) în imediata apropiere a zidului vechi de apărare a oraşului, zid din care s-a păstrat un rest vizibil. Până după cel de al 2-lea Război Mondial, aici a funcţionat orfelinatul evanghelic „Lutherhaus“ care fusese construit [&hellip;]</p>
